{"id":6294,"date":"2025-07-19T18:52:27","date_gmt":"2025-07-19T16:52:27","guid":{"rendered":"http:\/\/aquasmart.com.pl\/?page_id=6294"},"modified":"2026-01-16T22:26:48","modified_gmt":"2026-01-16T21:26:48","slug":"mobilne-zielone-sciany-3","status":"publish","type":"page","link":"http:\/\/blue-green.pl\/?page_id=6294","title":{"rendered":"Mobilne zielone \u015bciany"},"content":{"rendered":"\t\t<div data-elementor-type=\"wp-page\" data-elementor-id=\"6294\" class=\"elementor elementor-6294\">\n\t\t\t\t\t\t\t\t\t<section class=\"elementor-section elementor-top-section elementor-element elementor-element-a434cf7 elementor-section-boxed elementor-section-height-default elementor-section-height-default\" data-id=\"a434cf7\" data-element_type=\"section\">\n\t\t\t\t\t\t<div class=\"elementor-container elementor-column-gap-default\">\n\t\t\t\t\t<div class=\"elementor-column elementor-col-66 elementor-top-column elementor-element elementor-element-b50cfb7\" data-id=\"b50cfb7\" data-element_type=\"column\">\n\t\t\t<div class=\"elementor-widget-wrap\">\n\t\t\t\t\t\t\t\t\t<\/div>\n\t\t<\/div>\n\t\t\t\t<div class=\"elementor-column elementor-col-33 elementor-top-column elementor-element elementor-element-bc9a0ea\" data-id=\"bc9a0ea\" data-element_type=\"column\">\n\t\t\t<div class=\"elementor-widget-wrap elementor-element-populated\">\n\t\t\t\t\t\t\t\t<div class=\"elementor-element elementor-element-69ef44f elementor-align-center elementor-widget elementor-widget-button\" data-id=\"69ef44f\" data-element_type=\"widget\" data-widget_type=\"button.default\">\n\t\t\t\t<div class=\"elementor-widget-container\">\n\t\t\t\t\t<div class=\"elementor-button-wrapper\">\n\t\t\t<a href=\"https:\/\/u224491.webh.me\/\/konfiguratory\/konfigurator_zs1\/konfigurator.html\" class=\"elementor-button-link elementor-button elementor-size-sm\" role=\"button\">\n\t\t\t\t\t\t<span class=\"elementor-button-content-wrapper\">\n\t\t\t\t\t\t<span class=\"elementor-button-text\">Wycena<\/span>\n\t\t<\/span>\n\t\t\t\t\t<\/a>\n\t\t<\/div>\n\t\t\t\t<\/div>\n\t\t\t\t<\/div>\n\t\t\t\t\t<\/div>\n\t\t<\/div>\n\t\t\t\t\t\t\t<\/div>\n\t\t<\/section>\n\t\t\t\t<section class=\"elementor-section elementor-top-section elementor-element elementor-element-1cf2289 elementor-section-boxed elementor-section-height-default elementor-section-height-default\" data-id=\"1cf2289\" data-element_type=\"section\">\n\t\t\t\t\t\t<div class=\"elementor-container elementor-column-gap-default\">\n\t\t\t\t\t<div class=\"elementor-column elementor-col-100 elementor-top-column elementor-element elementor-element-5acf6ce\" data-id=\"5acf6ce\" data-element_type=\"column\">\n\t\t\t<div class=\"elementor-widget-wrap elementor-element-populated\">\n\t\t\t\t\t\t\t\t<div class=\"elementor-element elementor-element-bca0d8d elementor-widget elementor-widget-heading\" data-id=\"bca0d8d\" data-element_type=\"widget\" data-widget_type=\"heading.default\">\n\t\t\t\t<div class=\"elementor-widget-container\">\n\t\t\t<style>\/*! elementor - v3.6.4 - 13-04-2022 *\/\n.elementor-heading-title{padding:0;margin:0;line-height:1}.elementor-widget-heading .elementor-heading-title[class*=elementor-size-]>a{color:inherit;font-size:inherit;line-height:inherit}.elementor-widget-heading .elementor-heading-title.elementor-size-small{font-size:15px}.elementor-widget-heading .elementor-heading-title.elementor-size-medium{font-size:19px}.elementor-widget-heading .elementor-heading-title.elementor-size-large{font-size:29px}.elementor-widget-heading .elementor-heading-title.elementor-size-xl{font-size:39px}.elementor-widget-heading .elementor-heading-title.elementor-size-xxl{font-size:59px}<\/style><h2 class=\"elementor-heading-title elementor-size-default\">Mobilne zielone \u015bciany<\/h2>\t\t<\/div>\n\t\t\t\t<\/div>\n\t\t\t\t\t<\/div>\n\t\t<\/div>\n\t\t\t\t\t\t\t<\/div>\n\t\t<\/section>\n\t\t\t\t<section class=\"elementor-section elementor-top-section elementor-element elementor-element-171e6f1 elementor-section-boxed elementor-section-height-default elementor-section-height-default\" data-id=\"171e6f1\" data-element_type=\"section\">\n\t\t\t\t\t\t<div class=\"elementor-container elementor-column-gap-default\">\n\t\t\t\t\t<div class=\"elementor-column elementor-col-100 elementor-top-column elementor-element elementor-element-1662ffd\" data-id=\"1662ffd\" data-element_type=\"column\">\n\t\t\t<div class=\"elementor-widget-wrap elementor-element-populated\">\n\t\t\t\t\t\t\t\t<div class=\"elementor-element elementor-element-ef9a735 elementor-widget elementor-widget-text-editor\" data-id=\"ef9a735\" data-element_type=\"widget\" data-widget_type=\"text-editor.default\">\n\t\t\t\t<div class=\"elementor-widget-container\">\n\t\t\t<style>\/*! elementor - v3.6.4 - 13-04-2022 *\/\n.elementor-widget-text-editor.elementor-drop-cap-view-stacked .elementor-drop-cap{background-color:#818a91;color:#fff}.elementor-widget-text-editor.elementor-drop-cap-view-framed .elementor-drop-cap{color:#818a91;border:3px solid;background-color:transparent}.elementor-widget-text-editor:not(.elementor-drop-cap-view-default) .elementor-drop-cap{margin-top:8px}.elementor-widget-text-editor:not(.elementor-drop-cap-view-default) .elementor-drop-cap-letter{width:1em;height:1em}.elementor-widget-text-editor .elementor-drop-cap{float:left;text-align:center;line-height:1;font-size:50px}.elementor-widget-text-editor .elementor-drop-cap-letter{display:inline-block}<\/style>\t\t\t\t<p data-start=\"0\" data-end=\"372\">Mobilne zielone \u015bciany to doskona\u0142e rozwi\u0105zanie dla os\u00f3b, kt\u00f3re pragn\u0105 w estetyczny i funkcjonalny spos\u00f3b wydzieli\u0107 przestrze\u0144 w pomieszczeniach. Stanowi\u0105 one nie tylko efektown\u0105 przegrod\u0119, ale r\u00f3wnie\u017c wyj\u0105tkow\u0105, naturaln\u0105 aran\u017cacj\u0119, wprowadzaj\u0105c\u0105 ziele\u0144 i \u015bwie\u017co\u015b\u0107 do wn\u0119trza. Co istotne, dzi\u0119ki zamontowanym k\u00f3\u0142kom, zielone \u015bciany mo\u017cna z \u0142atwo\u015bci\u0105 przemieszcza\u0107 i dostosowywa\u0107 do zmieniaj\u0105cych si\u0119 potrzeb aran\u017cacyjnych. To po\u0142\u0105czenie pi\u0119kna natury z praktyczno\u015bci\u0105 mobilnych rozwi\u0105za\u0144.<\/p><p data-start=\"727\" data-end=\"843\" data-is-last-node=\"\" data-is-only-node=\"\">Klikaj\u0105c poni\u017csze ikonki, mo\u017cna pozna\u0107 zalety oraz funkcjonalno\u015bci mobilnych zielonych \u015bcian.\u00a0 s<\/p>\t\t\t\t\t\t<\/div>\n\t\t\t\t<\/div>\n\t\t\t\t\t<\/div>\n\t\t<\/div>\n\t\t\t\t\t\t\t<\/div>\n\t\t<\/section>\n\t\t\t\t<section class=\"elementor-section elementor-top-section elementor-element elementor-element-8040350 elementor-section-boxed elementor-section-height-default elementor-section-height-default\" data-id=\"8040350\" data-element_type=\"section\">\n\t\t\t\t\t\t<div class=\"elementor-container elementor-column-gap-default\">\n\t\t\t\t\t<div class=\"elementor-column elementor-col-50 elementor-top-column elementor-element elementor-element-1625431\" data-id=\"1625431\" data-element_type=\"column\">\n\t\t\t<div class=\"elementor-widget-wrap\">\n\t\t\t\t\t\t\t\t\t<\/div>\n\t\t<\/div>\n\t\t\t\t<div class=\"elementor-column elementor-col-50 elementor-top-column elementor-element elementor-element-5da3486\" data-id=\"5da3486\" data-element_type=\"column\">\n\t\t\t<div class=\"elementor-widget-wrap\">\n\t\t\t\t\t\t\t\t\t<\/div>\n\t\t<\/div>\n\t\t\t\t\t\t\t<\/div>\n\t\t<\/section>\n\t\t\t\t<section class=\"elementor-section elementor-top-section elementor-element elementor-element-056fda6 elementor-section-boxed elementor-section-height-default elementor-section-height-default\" data-id=\"056fda6\" data-element_type=\"section\">\n\t\t\t\t\t\t<div class=\"elementor-container elementor-column-gap-default\">\n\t\t\t\t\t<div class=\"elementor-column elementor-col-50 elementor-top-column elementor-element elementor-element-8acc5d0\" data-id=\"8acc5d0\" data-element_type=\"column\">\n\t\t\t<div class=\"elementor-widget-wrap elementor-element-populated\">\n\t\t\t\t\t\t\t\t<div class=\"elementor-element elementor-element-59762fa elementor-widget elementor-widget-image\" data-id=\"59762fa\" data-element_type=\"widget\" data-widget_type=\"image.default\">\n\t\t\t\t<div class=\"elementor-widget-container\">\n\t\t\t<style>\/*! elementor - v3.6.4 - 13-04-2022 *\/\n.elementor-widget-image{text-align:center}.elementor-widget-image a{display:inline-block}.elementor-widget-image a img[src$=\".svg\"]{width:48px}.elementor-widget-image img{vertical-align:middle;display:inline-block}<\/style>\t\t\t\t\t\t\t\t\t\t\t\t\t<a href=\"http:\/\/blue-green.pl\/?page_id=6167\">\n\t\t\t\t\t\t\t<img loading=\"lazy\" decoding=\"async\" width=\"150\" height=\"150\" src=\"http:\/\/blue-green.pl\/wp-content\/uploads\/2025\/06\/i1-150x150.jpg\" class=\"attachment-thumbnail size-thumbnail\" alt=\"\" srcset=\"http:\/\/blue-green.pl\/wp-content\/uploads\/2025\/06\/i1-150x150.jpg 150w, http:\/\/blue-green.pl\/wp-content\/uploads\/2025\/06\/i1-300x300.jpg 300w, http:\/\/blue-green.pl\/wp-content\/uploads\/2025\/06\/i1.jpg 643w\" sizes=\"auto, (max-width: 150px) 100vw, 150px\" \/>\t\t\t\t\t\t\t\t<\/a>\n\t\t\t\t\t\t\t\t\t\t\t\t\t\t\t<\/div>\n\t\t\t\t<\/div>\n\t\t\t\t<div class=\"elementor-element elementor-element-d9cbe0d elementor-widget elementor-widget-text-editor\" data-id=\"d9cbe0d\" data-element_type=\"widget\" data-widget_type=\"text-editor.default\">\n\t\t\t\t<div class=\"elementor-widget-container\">\n\t\t\t\t\t\t\t<p><strong>Podlewa, nawozi, monitoruje,<\/strong><br \/><strong>technologia, co czas Tw\u00f3j szanuje<\/strong><\/p>\t\t\t\t\t\t<\/div>\n\t\t\t\t<\/div>\n\t\t\t\t\t<\/div>\n\t\t<\/div>\n\t\t\t\t<div class=\"elementor-column elementor-col-50 elementor-top-column elementor-element elementor-element-a805be0\" data-id=\"a805be0\" data-element_type=\"column\">\n\t\t\t<div class=\"elementor-widget-wrap elementor-element-populated\">\n\t\t\t\t\t\t\t\t<div class=\"elementor-element elementor-element-5d12bb3 elementor-widget elementor-widget-image\" data-id=\"5d12bb3\" data-element_type=\"widget\" data-widget_type=\"image.default\">\n\t\t\t\t<div class=\"elementor-widget-container\">\n\t\t\t\t\t\t\t\t\t\t\t\t\t\t\t\t<a href=\"http:\/\/blue-green.pl\/?page_id=6183\">\n\t\t\t\t\t\t\t<img loading=\"lazy\" decoding=\"async\" width=\"150\" height=\"150\" src=\"http:\/\/blue-green.pl\/wp-content\/uploads\/2025\/06\/zmiana-1-150x150.jpg\" class=\"attachment-thumbnail size-thumbnail\" alt=\"\" srcset=\"http:\/\/blue-green.pl\/wp-content\/uploads\/2025\/06\/zmiana-1-150x150.jpg 150w, http:\/\/blue-green.pl\/wp-content\/uploads\/2025\/06\/zmiana-1-300x300.jpg 300w, http:\/\/blue-green.pl\/wp-content\/uploads\/2025\/06\/zmiana-1.jpg 643w\" sizes=\"auto, (max-width: 150px) 100vw, 150px\" \/>\t\t\t\t\t\t\t\t<\/a>\n\t\t\t\t\t\t\t\t\t\t\t\t\t\t\t<\/div>\n\t\t\t\t<\/div>\n\t\t\t\t<div class=\"elementor-element elementor-element-0af8a98 elementor-widget elementor-widget-text-editor\" data-id=\"0af8a98\" data-element_type=\"widget\" data-widget_type=\"text-editor.default\">\n\t\t\t\t<div class=\"elementor-widget-container\">\n\t\t\t\t\t\t\t<p><strong>Autonomiczna, prosta w dzia\u0142aniu,<\/strong><br><strong>pe\u0142na \u017cycia i bez stresu w planowaniu!<\/strong><\/p>\t\t\t\t\t\t<\/div>\n\t\t\t\t<\/div>\n\t\t\t\t\t<\/div>\n\t\t<\/div>\n\t\t\t\t\t\t\t<\/div>\n\t\t<\/section>\n\t\t\t\t<section class=\"elementor-section elementor-top-section elementor-element elementor-element-d8582d6 elementor-section-boxed elementor-section-height-default elementor-section-height-default\" data-id=\"d8582d6\" data-element_type=\"section\">\n\t\t\t\t\t\t<div class=\"elementor-container elementor-column-gap-default\">\n\t\t\t\t\t<div class=\"elementor-column elementor-col-50 elementor-top-column elementor-element elementor-element-33d8f67\" data-id=\"33d8f67\" data-element_type=\"column\">\n\t\t\t<div class=\"elementor-widget-wrap elementor-element-populated\">\n\t\t\t\t\t\t\t\t<div class=\"elementor-element elementor-element-5adc1d6 elementor-widget elementor-widget-image\" data-id=\"5adc1d6\" data-element_type=\"widget\" data-widget_type=\"image.default\">\n\t\t\t\t<div class=\"elementor-widget-container\">\n\t\t\t\t\t\t\t\t\t\t\t\t\t\t\t\t<a href=\"http:\/\/blue-green.pl\/?page_id=6223\">\n\t\t\t\t\t\t\t<img loading=\"lazy\" decoding=\"async\" width=\"150\" height=\"150\" src=\"http:\/\/blue-green.pl\/wp-content\/uploads\/2025\/06\/i2-150x150.jpg\" class=\"attachment-thumbnail size-thumbnail\" alt=\"\" srcset=\"http:\/\/blue-green.pl\/wp-content\/uploads\/2025\/06\/i2-150x150.jpg 150w, http:\/\/blue-green.pl\/wp-content\/uploads\/2025\/06\/i2-300x300.jpg 300w, http:\/\/blue-green.pl\/wp-content\/uploads\/2025\/06\/i2.jpg 643w\" sizes=\"auto, (max-width: 150px) 100vw, 150px\" \/>\t\t\t\t\t\t\t\t<\/a>\n\t\t\t\t\t\t\t\t\t\t\t\t\t\t\t<\/div>\n\t\t\t\t<\/div>\n\t\t\t\t<div class=\"elementor-element elementor-element-270c249 elementor-widget elementor-widget-text-editor\" data-id=\"270c249\" data-element_type=\"widget\" data-widget_type=\"text-editor.default\">\n\t\t\t\t<div class=\"elementor-widget-container\">\n\t\t\t\t\t\t\t<p><strong>Je\u017celi czego\u015b brakuje, system Ci\u0119 poinformuje!<\/strong><\/p>\t\t\t\t\t\t<\/div>\n\t\t\t\t<\/div>\n\t\t\t\t\t<\/div>\n\t\t<\/div>\n\t\t\t\t<div class=\"elementor-column elementor-col-50 elementor-top-column elementor-element elementor-element-059d0cf\" data-id=\"059d0cf\" data-element_type=\"column\">\n\t\t\t<div class=\"elementor-widget-wrap elementor-element-populated\">\n\t\t\t\t\t\t\t\t<div class=\"elementor-element elementor-element-adf0a11 elementor-widget elementor-widget-image\" data-id=\"adf0a11\" data-element_type=\"widget\" data-widget_type=\"image.default\">\n\t\t\t\t<div class=\"elementor-widget-container\">\n\t\t\t\t\t\t\t\t\t\t\t\t\t\t\t\t<a href=\"http:\/\/blue-green.pl\/?page_id=6235\">\n\t\t\t\t\t\t\t<img loading=\"lazy\" decoding=\"async\" width=\"150\" height=\"150\" src=\"http:\/\/blue-green.pl\/wp-content\/uploads\/2025\/06\/DFDFiStock-2153790111-150x150.jpg\" class=\"attachment-thumbnail size-thumbnail\" alt=\"\" srcset=\"http:\/\/blue-green.pl\/wp-content\/uploads\/2025\/06\/DFDFiStock-2153790111-150x150.jpg 150w, http:\/\/blue-green.pl\/wp-content\/uploads\/2025\/06\/DFDFiStock-2153790111-300x300.jpg 300w, http:\/\/blue-green.pl\/wp-content\/uploads\/2025\/06\/DFDFiStock-2153790111.jpg 643w\" sizes=\"auto, (max-width: 150px) 100vw, 150px\" \/>\t\t\t\t\t\t\t\t<\/a>\n\t\t\t\t\t\t\t\t\t\t\t\t\t\t\t<\/div>\n\t\t\t\t<\/div>\n\t\t\t\t<div class=\"elementor-element elementor-element-d17342f elementor-widget elementor-widget-text-editor\" data-id=\"d17342f\" data-element_type=\"widget\" data-widget_type=\"text-editor.default\">\n\t\t\t\t<div class=\"elementor-widget-container\">\n\t\t\t\t\t\t\t<p><strong>Nowoczesna z paneli obudowa&nbsp;<\/strong><\/p><p><strong>W ka\u017cd\u0105 aran\u017cacj\u0119 mo\u017cna wkomponowa\u0107!<\/strong><\/p>\t\t\t\t\t\t<\/div>\n\t\t\t\t<\/div>\n\t\t\t\t\t<\/div>\n\t\t<\/div>\n\t\t\t\t\t\t\t<\/div>\n\t\t<\/section>\n\t\t\t\t<section class=\"elementor-section elementor-top-section elementor-element elementor-element-97aebfa elementor-section-boxed elementor-section-height-default elementor-section-height-default\" data-id=\"97aebfa\" data-element_type=\"section\">\n\t\t\t\t\t\t<div class=\"elementor-container elementor-column-gap-default\">\n\t\t\t\t\t<div class=\"elementor-column elementor-col-100 elementor-top-column elementor-element elementor-element-094030c\" data-id=\"094030c\" data-element_type=\"column\">\n\t\t\t<div class=\"elementor-widget-wrap elementor-element-populated\">\n\t\t\t\t\t\t\t\t<div class=\"elementor-element elementor-element-e27cee0 elementor-widget elementor-widget-text-editor\" data-id=\"e27cee0\" data-element_type=\"widget\" data-widget_type=\"text-editor.default\">\n\t\t\t\t<div class=\"elementor-widget-container\">\n\t\t\t\t\t\t\t<p>Opracowanie tak zaawansowanych technologicznie rozwi\u0105za\u0144, kt\u00f3re jednocze\u015bnie by\u0142yby proste, intuicyjne w obs\u0142udze i w tak du\u017cym stopniu odci\u0105\u017ca\u0142y u\u017cytkownika od czasoch\u0142onnych zabieg\u00f3w piel\u0119gnacyjnych \u2013 cz\u0119sto wymagaj\u0105cych specjalistycznej wiedzy \u2013 wymaga\u0142o wdro\u017cenia szeregu innowacji. Nasz zesp\u00f3\u0142 badawczo-rozwojowy sprosta\u0142 temu wyzwaniu! Opracowane przez nas rozwi\u0105zania technologiczne nie tylko znacz\u0105co upraszczaj\u0105 obs\u0142ug\u0119 systemu, ale tak\u017ce pozwoli\u0142y na realn\u0105 redukcj\u0119 koszt\u00f3w w por\u00f3wnaniu do rozwi\u0105za\u0144 konkurencyjnych. Zach\u0119camy do zapoznania si\u0119 z szacunkow\u0105 wycen\u0105 za pomoc\u0105 poni\u017cszego konfiguratora.<\/p>\t\t\t\t\t\t<\/div>\n\t\t\t\t<\/div>\n\t\t\t\t\t<\/div>\n\t\t<\/div>\n\t\t\t\t\t\t\t<\/div>\n\t\t<\/section>\n\t\t\t\t<section class=\"elementor-section elementor-top-section elementor-element elementor-element-792e7db elementor-section-boxed elementor-section-height-default elementor-section-height-default\" data-id=\"792e7db\" data-element_type=\"section\">\n\t\t\t\t\t\t<div class=\"elementor-container elementor-column-gap-default\">\n\t\t\t\t\t<div class=\"elementor-column elementor-col-100 elementor-top-column elementor-element elementor-element-0c6a6db\" data-id=\"0c6a6db\" data-element_type=\"column\">\n\t\t\t<div class=\"elementor-widget-wrap elementor-element-populated\">\n\t\t\t\t\t\t\t\t<div class=\"elementor-element elementor-element-60c35ce elementor-align-center elementor-widget elementor-widget-button\" data-id=\"60c35ce\" data-element_type=\"widget\" data-widget_type=\"button.default\">\n\t\t\t\t<div class=\"elementor-widget-container\">\n\t\t\t\t\t<div class=\"elementor-button-wrapper\">\n\t\t\t<a href=\"https:\/\/u224491.webh.me\/\/konfiguratory\/konfigurator_zs1\/konfigurator.html\" class=\"elementor-button-link elementor-button elementor-size-sm\" role=\"button\">\n\t\t\t\t\t\t<span class=\"elementor-button-content-wrapper\">\n\t\t\t\t\t\t<span class=\"elementor-button-text\">Wycena<\/span>\n\t\t<\/span>\n\t\t\t\t\t<\/a>\n\t\t<\/div>\n\t\t\t\t<\/div>\n\t\t\t\t<\/div>\n\t\t\t\t\t<\/div>\n\t\t<\/div>\n\t\t\t\t\t\t\t<\/div>\n\t\t<\/section>\n\t\t\t\t\t\t\t<\/div>\n\t\t","protected":false},"excerpt":{"rendered":"<p>Wycena Mobilne zielone \u015bciany Mobilne zielone \u015bciany to doskona\u0142e rozwi\u0105zanie dla os\u00f3b, kt\u00f3re pragn\u0105 w estetyczny i funkcjonalny spos\u00f3b wydzieli\u0107 przestrze\u0144 w pomieszczeniach. Stanowi\u0105 one&hellip;<\/p>\n","protected":false},"author":1,"featured_media":0,"parent":0,"menu_order":0,"comment_status":"closed","ping_status":"closed","template":"","meta":{"om_disable_all_campaigns":false,"_monsterinsights_skip_tracking":false,"_monsterinsights_sitenote_active":false,"_monsterinsights_sitenote_note":"","_monsterinsights_sitenote_category":0,"_uf_show_specific_survey":0,"_uf_disable_surveys":false,"footnotes":""},"class_list":["post-6294","page","type-page","status-publish","hentry"],"_links":{"self":[{"href":"http:\/\/blue-green.pl\/index.php?rest_route=\/wp\/v2\/pages\/6294","targetHints":{"allow":["GET"]}}],"collection":[{"href":"http:\/\/blue-green.pl\/index.php?rest_route=\/wp\/v2\/pages"}],"about":[{"href":"http:\/\/blue-green.pl\/index.php?rest_route=\/wp\/v2\/types\/page"}],"author":[{"embeddable":true,"href":"http:\/\/blue-green.pl\/index.php?rest_route=\/wp\/v2\/users\/1"}],"replies":[{"embeddable":true,"href":"http:\/\/blue-green.pl\/index.php?rest_route=%2Fwp%2Fv2%2Fcomments&post=6294"}],"version-history":[{"count":28,"href":"http:\/\/blue-green.pl\/index.php?rest_route=\/wp\/v2\/pages\/6294\/revisions"}],"predecessor-version":[{"id":6629,"href":"http:\/\/blue-green.pl\/index.php?rest_route=\/wp\/v2\/pages\/6294\/revisions\/6629"}],"wp:attachment":[{"href":"http:\/\/blue-green.pl\/index.php?rest_route=%2Fwp%2Fv2%2Fmedia&parent=6294"}],"curies":[{"name":"wp","href":"https:\/\/api.w.org\/{rel}","templated":true}]}}